{"id":347,"date":"2024-02-19T14:48:16","date_gmt":"2024-02-19T14:48:16","guid":{"rendered":"https:\/\/www.duklapalac.pl\/lowisko\/?page_id=347"},"modified":"2025-08-15T18:25:02","modified_gmt":"2025-08-15T16:25:02","slug":"lowisko","status":"publish","type":"page","link":"https:\/\/www.duklapalac.pl\/lowisko\/","title":{"rendered":"Main page"},"content":{"rendered":"\n\t<section class=\"section dark has-parallax\" id=\"section_393342074\">\n\t\t<div class=\"bg section-bg fill bg-fill  \" data-parallax-container=\".section\" data-parallax-background data-parallax=\"-10\">\n\n\t\t\t\n\t\t\t<div class=\"section-bg-overlay absolute fill\"><\/div>\n\t\t\t\n\n\t\t<\/div>\n\n\t\t\n\n\t\t<div class=\"section-content relative\">\n\t\t\t\n\n<div class=\"row\"  id=\"row-1688627527\">\n\n\n\t<div id=\"col-2004495477\" class=\"col medium-9 small-12 large-7\"  >\n\t\t\t\t<div class=\"col-inner\"  >\n\t\t\t\n\t\t\t\n\n\t<div id=\"gap-1876380313\" class=\"gap-element clearfix\" style=\"display:block; height:auto;\">\n\t\t\n<style>\n#gap-1876380313 {\n  padding-top: 30px;\n}\n<\/style>\n\t<\/div>\n\t\n\n\t<div id=\"text-4255925244\" class=\"text\">\n\t\t\n\n<h3> Pa\u0142ac w Dukli: \u0141owisko<br>\n<\/h3>\n\t\t\n<style>\n#text-4255925244 {\n  font-size: 1.75rem;\n  line-height: 1;\n  text-align: center;\n}\n@media (min-width:550px) {\n  #text-4255925244 {\n    font-size: 2.25rem;\n    line-height: 0.75;\n  }\n}\n<\/style>\n\t<\/div>\n\t\n\t<div id=\"text-4133852507\" class=\"text\">\n\t\t\n\n<p>Stawy rybny w  Pa\u0142acowym Parku<br \/>\nw Dukli.<\/p>\n\t\t\n<style>\n#text-4133852507 {\n  text-align: center;\n}\n<\/style>\n\t<\/div>\n\t\n\n\t\t<\/div>\n\t\t\t\t\n<style>\n#col-2004495477 > .col-inner {\n  padding: 0px 0px 0px 0;\n}\n@media (min-width:550px) {\n  #col-2004495477 > .col-inner {\n    padding: 0px 0px 0px 10%;\n  }\n}\n<\/style>\n\t<\/div>\n\n\t\n\n<\/div>\n\n\t\t<\/div>\n\n\t\t\n<style>\n#section_393342074 {\n  padding-top: 0px;\n  padding-bottom: 0px;\n  min-height: 450px;\n}\n#section_393342074 .section-bg-overlay {\n  background-color: rgba(0, 0, 0, 0.3);\n}\n#section_393342074 .section-bg.bg-loaded {\n  background-image: url(https:\/\/www.duklapalac.pl\/wp-content\/uploads\/2024\/02\/IMG_3472-scaled.jpg);\n}\n#section_393342074 .section-bg {\n  background-position: 55% 81%;\n}\n@media (min-width:550px) {\n  #section_393342074 {\n    min-height: 500px;\n  }\n}\n<\/style>\n\t<\/section>\n\t\n<div class=\"row\"  id=\"row-1978277843\">\n\n\n\t<div id=\"col-1010274786\" class=\"col small-12 large-12\"  >\n\t\t\t\t<div class=\"col-inner\"  >\n\t\t\t\n\t\t\t\n\n<div class=\"row row-collapse align-equal\"  id=\"row-1198536639\">\n\n\n\t<div id=\"col-392143061\" class=\"col medium-4 small-12 large-4\"  >\n\t\t\t\t<div class=\"col-inner text-center dark\" style=\"background-color:#7a9c59;\" >\n\t\t\t\n\t\t\t\n\n\t<div id=\"gap-2129590317\" class=\"gap-element clearfix\" style=\"display:block; height:auto;\">\n\t\t\n<style>\n#gap-2129590317 {\n  padding-top: 10px;\n}\n@media (min-width:550px) {\n  #gap-2129590317 {\n    padding-top: 25px;\n  }\n}\n@media (min-width:850px) {\n  #gap-2129590317 {\n    padding-top: 10px;\n  }\n}\n<\/style>\n\t<\/div>\n\t\n\n\t<div id=\"text-2458454429\" class=\"text\">\n\t\t\n\n<h3>\u0141owisko \u201cNo Kill\u201d \u2013 Z\u0142\u00f3w i Wypu\u015b\u0107<\/h3>\n\t\t\n<style>\n#text-2458454429 {\n  font-size: 1.75rem;\n  line-height: 1;\n}\n@media (min-width:550px) {\n  #text-2458454429 {\n    font-size: 1.25rem;\n  }\n}\n@media (min-width:850px) {\n  #text-2458454429 {\n    font-size: 1.5rem;\n    line-height: 1.1;\n  }\n}\n<\/style>\n\t<\/div>\n\t\n\n\t\t<\/div>\n\t\t\t\t\n<style>\n#col-392143061 > .col-inner {\n  padding: 15% 10% 10% 10%;\n}\n<\/style>\n\t<\/div>\n\n\t\n\n\t<div id=\"col-586819895\" class=\"col medium-4 small-12 large-4\"  >\n\t\t\t\t<div class=\"col-inner text-center dark\" style=\"background-color:#7a9c59;\" >\n\t\t\t\n\t\t\t\n\n\t<div id=\"text-1051308146\" class=\"text\">\n\t\t\n\n<h3>Trzy Stawy po\u0142o\u017cone w zabykowy parku w Dukli.<br \/>\n<\/h3>\n\t\t\n<style>\n#text-1051308146 {\n  font-size: 1.75rem;\n  line-height: 1.15;\n}\n@media (min-width:550px) {\n  #text-1051308146 {\n    font-size: 1.25rem;\n  }\n}\n@media (min-width:850px) {\n  #text-1051308146 {\n    font-size: 1.5rem;\n  }\n}\n<\/style>\n\t<\/div>\n\t\n\n\t\t<\/div>\n\t\t\t\t\n<style>\n#col-586819895 > .col-inner {\n  padding: 15% 10% 10% 10%;\n}\n<\/style>\n\t<\/div>\n\n\t\n\n\t<div id=\"col-1206071913\" class=\"col medium-4 small-12 large-4\"  >\n\t\t\t\t<div class=\"col-inner text-center dark\" style=\"background-color:#7a9c59;\" >\n\t\t\t\n\t\t\t\n\n\t<div id=\"gap-1817807869\" class=\"gap-element clearfix\" style=\"display:block; height:auto;\">\n\t\t\n<style>\n#gap-1817807869 {\n  padding-top: 10px;\n}\n@media (min-width:550px) {\n  #gap-1817807869 {\n    padding-top: 25px;\n  }\n}\n@media (min-width:850px) {\n  #gap-1817807869 {\n    padding-top: 10px;\n  }\n}\n<\/style>\n\t<\/div>\n\t\n\n\t<div id=\"text-3856772422\" class=\"text\">\n\t\t\n\n<h3>Regulamin \u0141owiska<br>\n<\/h3>\n\t\t\n<style>\n#text-3856772422 {\n  font-size: 1.75rem;\n  line-height: 1.25;\n}\n@media (min-width:550px) {\n  #text-3856772422 {\n    font-size: 1.25rem;\n  }\n}\n@media (min-width:850px) {\n  #text-3856772422 {\n    font-size: 1.5rem;\n    line-height: 0.75;\n  }\n}\n<\/style>\n\t<\/div>\n\t\n<a href=\"https:\/\/www.duklapalac.pl\/lowisko\/regulamin\/\" class=\"button primary is-shade\"  >\n    <span>Czytaj wi\u0119cej<\/span>\n  <\/a>\n\n\n\n\t\t<\/div>\n\t\t\t\t\n<style>\n#col-1206071913 > .col-inner {\n  padding: 15% 10% 10% 10%;\n}\n<\/style>\n\t<\/div>\n\n\t\n\n<\/div>\n\n\t\t<\/div>\n\t\t\t\t\t<\/div>\n\n\t\n\n<\/div>\n\t<div id=\"gap-1308385869\" class=\"gap-element clearfix\" style=\"display:block; height:auto;\">\n\t\t\n<style>\n#gap-1308385869 {\n  padding-top: 50px;\n}\n<\/style>\n\t<\/div>\n\t\n\n\t<section class=\"section\" id=\"section_758177189\">\n\t\t<div class=\"bg section-bg fill bg-fill  bg-loaded\" >\n\n\t\t\t\n\t\t\t\n\t\t\t\n\n\t\t<\/div>\n\n\t\t\n\n\t\t<div class=\"section-content relative\">\n\t\t\t\n\n\t<div id=\"gap-1962088049\" class=\"gap-element clearfix\" style=\"display:block; height:auto;\">\n\t\t\n<style>\n#gap-1962088049 {\n  padding-top: 30px;\n}\n<\/style>\n\t<\/div>\n\t\n\n<div class=\"row\"  id=\"row-1111488072\">\n\n\n\t<div id=\"col-1297050550\" class=\"col medium-6 small-12 large-6\"  >\n\t\t\t\t<div class=\"col-inner\"  >\n\t\t\t\n\t\t\t\n\n\t<div class=\"box has-hover   has-hover box-text-bottom\" >\n\n\t\t<div class=\"box-image\" >\n\t\t\t<a href=\"#\" >\t\t\t<div class=\"image-zoom image-cover\" style=\"padding-top:100%;\">\n\t\t\t\t<img loading=\"lazy\" decoding=\"async\" width=\"1500\" height=\"2000\" src=\"https:\/\/www.duklapalac.pl\/wp-content\/uploads\/2024\/04\/IMG_4380.jpg\" class=\"attachment- size-\" alt=\"\" srcset=\"https:\/\/www.duklapalac.pl\/wp-content\/uploads\/2024\/04\/IMG_4380.jpg 1500w, https:\/\/www.duklapalac.pl\/wp-content\/uploads\/2024\/04\/IMG_4380-300x400.jpg 300w, https:\/\/www.duklapalac.pl\/wp-content\/uploads\/2024\/04\/IMG_4380-600x800.jpg 600w, https:\/\/www.duklapalac.pl\/wp-content\/uploads\/2024\/04\/IMG_4380-768x1024.jpg 768w, https:\/\/www.duklapalac.pl\/wp-content\/uploads\/2024\/04\/IMG_4380-1152x1536.jpg 1152w, https:\/\/www.duklapalac.pl\/wp-content\/uploads\/2024\/04\/IMG_4380-510x680.jpg 510w\" sizes=\"auto, (max-width: 1500px) 100vw, 1500px\" \/>\t\t\t\t\t\t\t\t\t\t\t<\/div>\n\t\t\t<\/a>\t\t<\/div>\n\n\t\t<div class=\"box-text text-center\" style=\"background-color:rgb(255, 255, 255);padding:30px 30px 30px 30px;\">\n\t\t\t<div class=\"box-text-inner\">\n\t\t\t\t\n\n\t<div id=\"text-2077156354\" class=\"text\">\n\t\t\n\n<h3>Pozwolenie dla 1 osoby powy\u017cej 14 lat na w\u0119dkowanie we wszystkich trzech stawach<\/h3>\n\t\t\n<style>\n#text-2077156354 {\n  font-size: 1.75rem;\n}\n<\/style>\n\t<\/div>\n\t\n\t<div id=\"text-1349147324\" class=\"text\">\n\t\t\n\n<p class=\"has-small-font-size\"><strong>Pozwolenie wa\u017cne na jeden dzie\u0144 w\u0119dkowanie w wszystkich trzech stawach.<\/strong><\/p>\n\t\t\n<style>\n#text-1349147324 {\n  font-size: 1.15rem;\n}\n<\/style>\n\t<\/div>\n\t\n<a href=\"https:\/\/www.duklapalac.pl\/lowisko\/product\/pozwolenie-dla-doroslych-i-osob-powyzej-14-lat-na-wedkowanie-w-wszystkich-trzech-stawach\/\" class=\"button secondary is-outline\"  style=\"padding:5px 30px 5px 30px;\">\n    <span>kup teraz<\/span>\n  <\/a>\n\n\n\n\t\t\t<\/div>\n\t\t<\/div>\n\t<\/div>\n\t\n\t<div id=\"gap-529341603\" class=\"gap-element clearfix\" style=\"display:block; height:auto;\">\n\t\t\n<style>\n#gap-529341603 {\n  padding-top: 30px;\n}\n<\/style>\n\t<\/div>\n\t\n\n\t<div class=\"box has-hover   has-hover box-text-bottom\" >\n\n\t\t<div class=\"box-image\" >\n\t\t\t<a href=\"#\" >\t\t\t<div class=\"image-zoom image-cover\" style=\"padding-top:100%;\">\n\t\t\t\t<img loading=\"lazy\" decoding=\"async\" width=\"1880\" height=\"1253\" src=\"https:\/\/www.duklapalac.pl\/wp-content\/uploads\/2024\/02\/pexels-photo-4828253.jpeg-3.webp\" class=\"attachment- size-\" alt=\"\" srcset=\"https:\/\/www.duklapalac.pl\/wp-content\/uploads\/2024\/02\/pexels-photo-4828253.jpeg-3.webp 1880w, https:\/\/www.duklapalac.pl\/wp-content\/uploads\/2024\/02\/pexels-photo-4828253.jpeg-3-600x400.webp 600w, https:\/\/www.duklapalac.pl\/wp-content\/uploads\/2024\/02\/pexels-photo-4828253.jpeg-3-1200x800.webp 1200w, https:\/\/www.duklapalac.pl\/wp-content\/uploads\/2024\/02\/pexels-photo-4828253.jpeg-3-768x512.webp 768w, https:\/\/www.duklapalac.pl\/wp-content\/uploads\/2024\/02\/pexels-photo-4828253.jpeg-3-1536x1024.webp 1536w, https:\/\/www.duklapalac.pl\/wp-content\/uploads\/2024\/02\/pexels-photo-4828253.jpeg-3-510x340.webp 510w\" sizes=\"auto, (max-width: 1880px) 100vw, 1880px\" \/>\t\t\t\t\t\t\t\t\t\t\t<\/div>\n\t\t\t<\/a>\t\t<\/div>\n\n\t\t<div class=\"box-text text-center\" style=\"background-color:rgb(255, 255, 255);padding:30px 30px 30px 30px;\">\n\t\t\t<div class=\"box-text-inner\">\n\t\t\t\t\n\n\t<div id=\"text-476314760\" class=\"text\">\n\t\t\n\n<h3>Pozwolenie dla 1 osoby powy\u017cej 14 lat na w\u0119dkowanie w 2. i 3. stawie<\/h3>\n\t\t\n<style>\n#text-476314760 {\n  font-size: 1.75rem;\n}\n<\/style>\n\t<\/div>\n\t\n\t<div id=\"text-3440617734\" class=\"text\">\n\t\t\n\n<p class=\"has-small-font-size\"><strong>Pozwolenie wa\u017cne na jeden dzie\u0144 na w\u0119dkowanie w 2. i 3. stawie<\/strong><\/p>\n\t\t\n<style>\n#text-3440617734 {\n  font-size: 1.15rem;\n}\n<\/style>\n\t<\/div>\n\t\n\t<div id=\"gap-1586535734\" class=\"gap-element clearfix\" style=\"display:block; height:auto;\">\n\t\t\n<style>\n#gap-1586535734 {\n  padding-top: 20px;\n}\n<\/style>\n\t<\/div>\n\t\n\n<a href=\"https:\/\/www.duklapalac.pl\/lowisko\/product\/pozwolenie-dla-doroslych-i-osob-powyzej-14-lat\/\" class=\"button secondary is-outline\"  style=\"padding:5px 30px 5px 30px;\">\n    <span>kup teraz<\/span>\n  <\/a>\n\n\n\n\t\t\t<\/div>\n\t\t<\/div>\n\t<\/div>\n\t\n\n\t\t<\/div>\n\t\t\t\t\t<\/div>\n\n\t\n\n\t<div id=\"col-1129672618\" class=\"col medium-6 small-12 large-6\"  >\n\t\t\t\t<div class=\"col-inner\"  >\n\t\t\t\n\t\t\t\n\n\t<div class=\"box has-hover   has-hover box-text-bottom\" >\n\n\t\t<div class=\"box-image\" >\n\t\t\t<a href=\"#\" >\t\t\t<div class=\"image-zoom image-cover\" style=\"padding-top:100%;\">\n\t\t\t\t<img loading=\"lazy\" decoding=\"async\" width=\"1708\" height=\"1300\" src=\"https:\/\/www.duklapalac.pl\/wp-content\/uploads\/2024\/02\/pexels-photo-11355217.jpeg.webp\" class=\"attachment- size-\" alt=\"\" srcset=\"https:\/\/www.duklapalac.pl\/wp-content\/uploads\/2024\/02\/pexels-photo-11355217.jpeg.webp 1708w, https:\/\/www.duklapalac.pl\/wp-content\/uploads\/2024\/02\/pexels-photo-11355217.jpeg-526x400.webp 526w, https:\/\/www.duklapalac.pl\/wp-content\/uploads\/2024\/02\/pexels-photo-11355217.jpeg-1051x800.webp 1051w, https:\/\/www.duklapalac.pl\/wp-content\/uploads\/2024\/02\/pexels-photo-11355217.jpeg-768x585.webp 768w, https:\/\/www.duklapalac.pl\/wp-content\/uploads\/2024\/02\/pexels-photo-11355217.jpeg-1536x1169.webp 1536w, https:\/\/www.duklapalac.pl\/wp-content\/uploads\/2024\/02\/pexels-photo-11355217.jpeg-510x388.webp 510w\" sizes=\"auto, (max-width: 1708px) 100vw, 1708px\" \/>\t\t\t\t\t\t\t\t\t\t\t<\/div>\n\t\t\t<\/a>\t\t<\/div>\n\n\t\t<div class=\"box-text text-center\" style=\"background-color:rgb(255, 255, 255);padding:30px 30px 30px 30px;\">\n\t\t\t<div class=\"box-text-inner\">\n\t\t\t\t\n\n\t<div id=\"text-4182462579\" class=\"text\">\n\t\t\n\n<h3>Pozwolenie dla jednego dziecka do 14 roku \u017cycia na w\u0119dkowanie w 2. i 3. stawie<\/h3>\n\t\t\n<style>\n#text-4182462579 {\n  font-size: 1.75rem;\n}\n<\/style>\n\t<\/div>\n\t\n<p class=\"has-small-font-size\"><strong>Pozwolenie wa\u017cne na jeden dzie\u0144 na w\u0119dkowanie w 2. i 3. stawie<\/strong><\/p>\n\t<div id=\"gap-1098892293\" class=\"gap-element clearfix\" style=\"display:block; height:auto;\">\n\t\t\n<style>\n#gap-1098892293 {\n  padding-top: 20px;\n}\n<\/style>\n\t<\/div>\n\t\n\n<a href=\"https:\/\/www.duklapalac.pl\/lowisko\/product\/pozwolenie-dla-dzieci-ponizej-14-roku-zycia\/\" class=\"button secondary is-outline\"  style=\"padding:5px 30px 5px 30px;\">\n    <span>kup teraz<\/span>\n  <\/a>\n\n\n\n\t\t\t<\/div>\n\t\t<\/div>\n\t<\/div>\n\t\n\n\t\t<\/div>\n\t\t\t\t\t<\/div>\n\n\t\n\n\t<div id=\"col-1628286782\" class=\"col medium-4 small-12 large-4\"  >\n\t\t\t\t<div class=\"col-inner\"  >\n\t\t\t\n\t\t\t\n\n\n\t\t<\/div>\n\t\t\t\t\t<\/div>\n\n\t\n\n<\/div>\n\n\t\t<\/div>\n\n\t\t\n<style>\n#section_758177189 {\n  padding-top: 40px;\n  padding-bottom: 40px;\n  background-color: rgb(209, 217, 206);\n}\n@media (min-width:850px) {\n  #section_758177189 {\n    padding-top: 70px;\n    padding-bottom: 70px;\n  }\n}\n<\/style>\n\t<\/section>\n\t\n\t<div id=\"gap-1081123262\" class=\"gap-element clearfix\" style=\"display:block; height:auto;\">\n\t\t\n<style>\n#gap-1081123262 {\n  padding-top: 30px;\n}\n<\/style>\n\t<\/div>\n\t\n\n<div class=\"row row-collapse row-full-width align-middle\"  id=\"row-1681106057\">\n\n\n\t<div id=\"col-946329\" class=\"col medium-12 small-12 large-5\"  >\n\t\t\t\t<div class=\"col-inner\"  >\n\t\t\t\n\t\t\t\n\n\t<section class=\"section dark has-parallax\" id=\"section_620292564\">\n\t\t<div class=\"bg section-bg fill bg-fill  \" data-parallax-container=\".section\" data-parallax-background data-parallax=\"-6\">\n\n\t\t\t\n\t\t\t<div class=\"section-bg-overlay absolute fill\"><\/div>\n\t\t\t\n\n\t\t<\/div>\n\n\t\t\n\n\t\t<div class=\"section-content relative\">\n\t\t\t\n\n<div class=\"row\"  id=\"row-1378902385\">\n\n\n\t<div id=\"col-652147776\" class=\"col medium-10 small-12 large-10\"  >\n\t\t\t\t<div class=\"col-inner\"  >\n\t\t\t\n\t\t\t\n\n\t<div id=\"gap-1414391462\" class=\"gap-element clearfix\" style=\"display:block; height:auto;\">\n\t\t\n<style>\n#gap-1414391462 {\n  padding-top: 30px;\n}\n<\/style>\n\t<\/div>\n\t\n\n\t<div id=\"text-3920662442\" class=\"text\">\n\t\t\n\n<h3><a href=\"https:\/\/duklapalac.com\/strona-glowna\" target=\"_blank\" rel=\"noopener\">Pa\u0142ac w Dukli<\/a>\u00a0<\/h3>\n\t\t\n<style>\n#text-3920662442 {\n  font-size: 2rem;\n  line-height: 1.35;\n  text-align: center;\n}\n@media (min-width:550px) {\n  #text-3920662442 {\n    font-size: 2.1rem;\n    text-align: center;\n  }\n}\n<\/style>\n\t<\/div>\n\t\n\n\t\t<\/div>\n\t\t\t\t\n<style>\n#col-652147776 > .col-inner {\n  padding: 0px 0px 0px 0;\n}\n@media (min-width:550px) {\n  #col-652147776 > .col-inner {\n    padding: 0px 0px 0px 15%;\n  }\n}\n<\/style>\n\t<\/div>\n\n\t\n\n<\/div>\n\n\t\t<\/div>\n\n\t\t\n<style>\n#section_620292564 {\n  padding-top: 0px;\n  padding-bottom: 0px;\n  min-height: 440px;\n}\n#section_620292564 .section-bg-overlay {\n  background-color: rgba(0, 0, 0, 0.29);\n}\n#section_620292564 .section-bg.bg-loaded {\n  background-image: url(https:\/\/www.duklapalac.pl\/wp-content\/uploads\/2024\/02\/IMG_4019.jpg);\n}\n#section_620292564 .section-bg {\n  background-position: 36% 82%;\n}\n@media (min-width:550px) {\n  #section_620292564 {\n    min-height: 500px;\n  }\n}\n@media (min-width:850px) {\n  #section_620292564 {\n    min-height: 750px;\n  }\n}\n<\/style>\n\t<\/section>\n\t\n\n\t\t<\/div>\n\t\t\t\t\t<\/div>\n\n\t\n\n\t<div id=\"col-1854340048\" class=\"col medium-12 small-12 large-7\"  >\n\t\t\t\t<div class=\"col-inner\"  >\n\t\t\t\n\t\t\t\n\n<p>Pa\u0142ac jest otoczony parkiem (za\u0142o\u017cony oko\u0142o 1765) pierwotnie w stylu francuskiego ogrodu geometrycznego a teraz w stylu angielskim. Za\u0142o\u017cenie parku oparte jest na trzech stawach w ok\u00f3\u0142 kt\u00f3rych mo\u017cna spacerowa\u0107 wzd\u0142u\u017c pi\u0119knych alei lipowych. W \u015brodku pierwszego stawu znajduje si\u0119 wyspa na kt\u00f3rym ro\u015bnie stary okaza\u0142y d\u0105b, kt\u00f3ry by\u0142 otoczony okr\u0105g\u0142\u0105 kamienn\u0105 \u0142awk\u0105. W parku o powierzchni 10 hektar\u00f3w znajduj\u0105 si\u0119 te\u017c, lodownia i kaplica grobowa zbudowany w 1925r.<\/p>\n\t<div id=\"gap-1653673710\" class=\"gap-element clearfix\" style=\"display:block; height:auto;\">\n\t\t\n<style>\n#gap-1653673710 {\n  padding-top: 30px;\n}\n<\/style>\n\t<\/div>\n\t\n\n<p>Mo\u017cna tu \u0142owi\u0107 ryby bez karty w\u0119dkarskiej.<\/p>\n<p>Pierwszy staw \u201eDziki staw\u201d ma powierzchni\u0119 0,95 ha.<\/p>\n<p>Drugi staw &#8222;\u015arodkowy staw&#8221; 0,7 ha.<\/p>\n<p>Trzeci staw oko\u0142o 0,22 ha.<\/p>\n<p>Stawy s\u0105 idealne dla rodzic\u00f3w, kt\u00f3rzy chc\u0105 nauczy\u0107 swoje dzieci \u0142owienia ryb. Jest te\u017c troch\u0119\u00a0wi\u0119kszych ryb, kt\u00f3re zapewni\u0105 zaj\u0119cie bardziej zaawansowanym w\u0119dkarzom.<\/p>\n<p>Na terenie \u0142owiska Stra\u017c Rybacka ma prawo przeprowadza\u0107 kontrole.<\/p>\n<p style=\"text-align: center;\"><strong>ZEBRANE \u015aRODKI PRZEZNACZONE S\u0104 NA UTRZYMANIE PARKU I STAWY<\/strong><\/p>\n<h2 style=\"text-align: center;\"><strong>Godziny otwarcia: <\/strong><\/h2>\n<h2 style=\"text-align: center;\"><strong>8:00 &#8211; 20:00<\/strong><\/h2>\n<p>\u00a0<\/p>\n<h2 style=\"text-align: center;\"><strong>Numer kontaktowy: <\/strong><\/h2>\n<h2 style=\"text-align: center;\"><strong>786 891 055<\/strong><\/h2>\n<h3>\u00a0<\/h3>\n<h2 style=\"text-align: center;\"><strong>Email: <\/strong><\/h2>\n<h2 style=\"text-align: center;\"><strong>duklapalace@gmail.com<\/strong><\/h2>\n<h3>\u00a0<\/h3>\n<div class=\"row row-large\"  id=\"row-256363814\">\n\n\n<\/div>\n\n\t\t<\/div>\n\t\t\t\t\n<style>\n#col-1854340048 > .col-inner {\n  padding: 40px 15% 30px 15%;\n}\n@media (min-width:550px) {\n  #col-1854340048 > .col-inner {\n    padding: 60px 15% 60px 15%;\n  }\n}\n@media (min-width:850px) {\n  #col-1854340048 > .col-inner {\n    padding: 0px 15% 0px 15%;\n  }\n}\n<\/style>\n\t<\/div>\n\n\t\n\n<\/div>\n\n","protected":false},"excerpt":{"rendered":"","protected":false},"author":1,"featured_media":0,"parent":0,"menu_order":0,"comment_status":"closed","ping_status":"closed","template":"","meta":{"footnotes":""},"class_list":["post-347","page","type-page","status-publish","hentry"],"jetpack_sharing_enabled":true,"_links":{"self":[{"href":"https:\/\/www.duklapalac.pl\/lowisko\/wp-json\/wp\/v2\/pages\/347","targetHints":{"allow":["GET"]}}],"collection":[{"href":"https:\/\/www.duklapalac.pl\/lowisko\/wp-json\/wp\/v2\/pages"}],"about":[{"href":"https:\/\/www.duklapalac.pl\/lowisko\/wp-json\/wp\/v2\/types\/page"}],"author":[{"embeddable":true,"href":"https:\/\/www.duklapalac.pl\/lowisko\/wp-json\/wp\/v2\/users\/1"}],"replies":[{"embeddable":true,"href":"https:\/\/www.duklapalac.pl\/lowisko\/wp-json\/wp\/v2\/comments?post=347"}],"version-history":[{"count":44,"href":"https:\/\/www.duklapalac.pl\/lowisko\/wp-json\/wp\/v2\/pages\/347\/revisions"}],"predecessor-version":[{"id":736,"href":"https:\/\/www.duklapalac.pl\/lowisko\/wp-json\/wp\/v2\/pages\/347\/revisions\/736"}],"wp:attachment":[{"href":"https:\/\/www.duklapalac.pl\/lowisko\/wp-json\/wp\/v2\/media?parent=347"}],"curies":[{"name":"wp","href":"https:\/\/api.w.org\/{rel}","templated":true}]}}